factor of 68624 and 117625825.
4289
Calculate the highest common divisor of 168267 and 156761.
11
Calculate the greatest common factor of 575 and 4903025.
575
What is the greatest common divisor of 141397281 and 58821?
8403
What is the greatest common factor of 32025 and 27988569?
1281
What is the greatest common divisor of 193344 and 49152?
192
Calculate the greatest common divisor of 107 and 164565358.
107
What is the greatest common factor of 506 and 38819055?
253
What is the greatest common factor of 13508 and 2111164?
44
Calculate the greatest common factor of 1375682 and 4004.
154
Calculate the greatest common factor of 12220572 and 8736.
1092
Calculate the highest common divisor of 100598856 and 6216.
888
Calculate the highest common factor of 173072 and 3944.
232
Calculate the greatest common factor of 13356981 and 263.
263
What is the highest common divisor of 121397640 and 221?
13
What is the greatest common divisor of 35 and 16612260?
35
Calculate the highest common factor of 1078986285 and 47.
47
What is the greatest common divisor of 213050 and 550?
50
What is the highest common divisor of 11 and 1342410333?
11
Calculate the greatest common factor of 165867650 and 8450.
650
Calculate the highest common divisor of 218826962 and 2.
2
Calculate the greatest common factor of 1825586 and 1827.
7
What is the highest common divisor of 13469791 and 954?
53
What is the greatest common divisor of 350681 and 16307?
23
Calculate the highest common factor of 444 and 156637280.
148
What is the greatest common divisor of 8 and 88356580?
4
Calculate the greatest common factor of 5908 and 3504956.
28
Calculate the greatest common divisor of 2292 and 3548522532.
2292
Calculate the greatest common factor of 1738130 and 21535.
365
What is the highest common divisor of 18482177 and 149947?
4837
Calculate the highest common divisor of 859424 and 1391.
107
What is the greatest common divisor of 120 and 2819714280?
120
Calculate the greatest common divisor of 6408 and 408168.
72
What is the highest common factor of 2927825 and 5750?
25
Calculate the greatest common factor of 2025 and 34033770.
405
What is the highest common divisor of 107097 and 80823?
87
Calculate the greatest common factor of 404820 and 396516.
2076
What is the highest common divisor of 30309724 and 11924?
1084
What is the greatest common divisor of 14757078 and 210?
42
Calculate the highest common divisor of 1448 and 1153064.
8
What is the greatest common factor of 2201310 and 1116?
558
What is the highest common divisor of 478225 and 1287?
11
Calculate the highest common divisor of 44512 and 12704.
32
What is the highest common factor of 95 and 901195?
5
Calculate the highest common divisor of 1405684470 and 11370.
11370
What is the greatest common divisor of 4341816 and 5664?
24
What is the highest common factor of 1341006 and 2862?
318
What is the greatest common divisor of 4242 and 60136006?
1414
What is the greatest common divisor of 1728286578 and 27?
27
What is the highest common divisor of 27 and 19509615?
9
Calculate the greatest common divisor of 9 and 15202899.
9
Calculate the greatest common divisor of 178086 and 18156798.
2658
What is the highest common factor of 1136 and 3297616?
16
Calculate the greatest common factor of 27350 and 49550.
50
Calculate the greatest common divisor of 150 and 17645200.
50
Calculate the highest common factor of 418956 and 408.
12
Calculate the greatest common factor of 398268 and 2506972.
1924
What is the greatest common factor of 355877 and 334?
167
Calculate the highest common factor of 64 and 13917088.
32
What is the greatest common factor of 62127 and 703404?
1053
Calculate the greatest common factor of 28608389 and 23.
23
What is the highest common divisor of 528 and 43868544?
48
Calculate the highest common divisor of 131875 and 500.
125
What is the greatest common factor of 28305847 and 782?
23
What is the greatest common factor of 533898099 and 9?
9
What is the highest common divisor of 165015 and 23275?
95
What is the highest common factor of 2940 and 249680970?
1470
Calculate the highest common divisor of 8299382 and 173578.
2942
What is the highest common factor of 1117750 and 1690?
10
What is the highest common factor of 434316 and 8933284?
8516
What is the highest common factor of 87826453 and 35864?
4483
What is the highest common divisor of 981 and 310617?
9
Calculate the greatest common factor of 476838665 and 670.
335
Calculate the highest common factor of 94239 and 118215.
333
What is the highest common divisor of 16 and 311072336?
16
Calculate the greatest common factor of 10628 and 4126321.
2657
Calculate the highest common divisor of 163513544 and 8968.
8968
What is the highest common divisor of 168 and 9545452?
28
Calculate the greatest common factor of 1552444 and 2112.
4
What is the highest common divisor of 146835 and 21254931?
2259
What is the highest common factor of 416 and 327568?
16
What is the highest common divisor of 576015 and 134580?
15
Calculate the greatest common divisor of 253 and 2346069.
253
Calculate the highest common factor of 377 and 178419774.
377
Calculate the highest common factor of 18188288 and 1323269.
8881
Calculate the greatest common divisor of 484874939 and 4426.
2213
Calculate the highest common divisor of 927365 and 11315.
155
What is the greatest common divisor of 9986635 and 135?
5
Calculate the highest common factor of 790272 and 1050.
42
Calculate the greatest common divisor of 1146162 and 6.
6
What is the greatest common divisor of 43542 and 4327591?
2419
Calculate the highest common divisor of 203 and 124439406.
203
Calculate the greatest common factor of 336559 and 10143.
23
What is the greatest common factor of 33990 and 321420?
330
What is the highest common factor of 108975 and 12675?
75
Calculate the greatest common divisor of 1884945 and 1590.
795
What is the highest common divisor of 1290 and 280145?
215
What is the greatest common factor of 189103 and 69469?
127
Calculate the highest common divisor of 1644597 and 365823.
459
What is the greatest common divisor of 21744 and 11739344?
2416
What is the highest common divisor of 462 and 713812836?
66
Calculate the highest common factor of 77263909 and 2661.
887
What is the greatest common factor of 14363364 and 262?
262
What is the greatest common divisor of 32078 and 375132?
86
What is the highest common factor of 6189683 and 1938?
17
What is the greatest common divisor of 1348 and 5082971?
337
What is the greatest common factor of 630552 and 1046643?
1833
Calculate the greatest common factor of 76144 and 17128.
8
What is the greatest common factor of 100893767 and 117?
13
Calculate the greatest common factor of 4448 and 15931624.
1112
What is the highest common factor of 65141449 and 1017?
113
Calculate the highest common divisor of 5872 and 14817258.
734
What is the highest common divisor of 12309936 and 23253?
1011
What is the greatest common factor of 30326508 and 162?
54
What is the greatest common divisor of 24 and 29745276?
12
Calculate the highest common factor of 42483623 and 728.
91
Calculate the greatest common divisor of 8864598 and 23613.
1389
Calculate the highest common divisor of 56 and 24001726.
14
What is the greatest common divisor of 542 and 14740774?
542
Calculate the highest common divisor of 2655568 and 1932496.
4304
What is the highest common divisor of 19 and 672818861?
19
Calculate the greatest common factor of 78781066 and 53872.
6734
Calculate the greatest common factor of 2015 and 2273695.
155
Calculate the greatest common factor of 199186 and 7061938.
1222
Calculate the highest common factor of 137 and 8136019.
137
What is the highest common factor of 14396 and 220359572?
14396
What is the highest common divisor of 21 and 443842329?
21
What is the highest common factor of 31877245 and 5?
5
What is the greatest common divisor of 168698140 and 8840?
4420
What is the greatest common factor of 4675 and 1314665?
55
What is the greatest common divisor of 968688 and 155217?
93
Calculate the highest common divisor of 1665 and 4168235.
185
What is the highest common factor of 403770 and 4705?
5
What is the greatest common divisor of 2885494 and 1781?
137
Calculate the highest common factor of 105 an